{"id":510,"date":"2019-01-05T15:27:22","date_gmt":"2019-01-05T17:27:22","guid":{"rendered":"http:\/\/alessandradeazevedo.com.br\/?page_id=510"},"modified":"2019-11-15T23:06:29","modified_gmt":"2019-11-16T02:06:29","slug":"projeto-comercial","status":"publish","type":"page","link":"https:\/\/artelie.com.br\/?page_id=510","title":{"rendered":"Projeto Comercial"},"content":{"rendered":"\n<p style=\"text-align:center\">Nosso espa\u00e7o de trabalho \u00e9 nosso segundo lar. Porque deixa-lo de lado? Conforto, praticidade, otimiza\u00e7\u00e3o e log\u00edstica do ambiente, devem ser bem contemplados no local onde ficamos grande parte do nosso dia. Nossa identidade profissional tamb\u00e9m faz parte do nosso crescimento.<\/p>\n","protected":false},"excerpt":{"rendered":"<p>Nosso espa\u00e7o de trabalho \u00e9 nosso segundo lar. Porque deixa-lo de lado? Conforto, praticidade, otimiza\u00e7\u00e3o e log\u00edstica do ambiente, devem ser bem contemplados no local onde ficamos grande parte do nosso dia. Nossa identidade profissional tamb\u00e9m faz parte do nosso crescimento.<\/p>\n","protected":false},"author":1,"featured_media":382,"parent":0,"menu_order":0,"comment_status":"closed","ping_status":"closed","template":"","meta":[],"_links":{"self":[{"href":"https:\/\/artelie.com.br\/index.php?rest_route=\/wp\/v2\/pages\/510"}],"collection":[{"href":"https:\/\/artelie.com.br\/index.php?rest_route=\/wp\/v2\/pages"}],"about":[{"href":"https:\/\/artelie.com.br\/index.php?rest_route=\/wp\/v2\/types\/page"}],"author":[{"embeddable":true,"href":"https:\/\/artelie.com.br\/index.php?rest_route=\/wp\/v2\/users\/1"}],"replies":[{"embeddable":true,"href":"https:\/\/artelie.com.br\/index.php?rest_route=%2Fwp%2Fv2%2Fcomments&post=510"}],"version-history":[{"count":5,"href":"https:\/\/artelie.com.br\/index.php?rest_route=\/wp\/v2\/pages\/510\/revisions"}],"predecessor-version":[{"id":730,"href":"https:\/\/artelie.com.br\/index.php?rest_route=\/wp\/v2\/pages\/510\/revisions\/730"}],"wp:featuredmedia":[{"embeddable":true,"href":"https:\/\/artelie.com.br\/index.php?rest_route=\/wp\/v2\/media\/382"}],"wp:attachment":[{"href":"https:\/\/artelie.com.br\/index.php?rest_route=%2Fwp%2Fv2%2Fmedia&parent=510"}],"curies":[{"name":"wp","href":"https:\/\/api.w.org\/{rel}","templated":true}]}}

<p style="text-align:center">Nosso espaço de trabalho é nosso segundo lar. Porque deixa-lo de lado? Conforto, praticidade, otimização e logística do ambiente, devem ser bem contemplados no local onde ficamos grande parte do nosso dia. Nossa identidade profissional também faz parte do nosso crescimento.</p>

<p>Nosso espaço de trabalho é nosso segundo lar. Porque deixa-lo de lado? Conforto, praticidade, otimização e logística do ambiente, devem ser bem contemplados no local onde ficamos grande parte do nosso dia. Nossa identidade profissional também faz parte do nosso crescimento.</p>
