{"id":506,"date":"2019-01-05T15:26:33","date_gmt":"2019-01-05T17:26:33","guid":{"rendered":"http:\/\/alessandradeazevedo.com.br\/?page_id=506"},"modified":"2019-11-15T23:08:23","modified_gmt":"2019-11-16T02:08:23","slug":"projeto-de-saude","status":"publish","type":"page","link":"https:\/\/artelie.com.br\/?page_id=506","title":{"rendered":"Projeto de Sa\u00fade"},"content":{"rendered":"\n<p style=\"text-align:center\">Pela complexidade natural desse segmento  nossa equipe conta com profissionais qualificados para atend\u00ea-lo em <strong>projetos<\/strong>, <strong>obras, reformas e regulariza\u00e7\u00f5es<\/strong>.<\/p>\n","protected":false},"excerpt":{"rendered":"<p>Pela complexidade natural desse segmento nossa equipe conta com profissionais qualificados para atend\u00ea-lo em projetos, obras, reformas e regulariza\u00e7\u00f5es.<\/p>\n","protected":false},"author":1,"featured_media":0,"parent":0,"menu_order":0,"comment_status":"closed","ping_status":"closed","template":"","meta":[],"_links":{"self":[{"href":"https:\/\/artelie.com.br\/index.php?rest_route=\/wp\/v2\/pages\/506"}],"collection":[{"href":"https:\/\/artelie.com.br\/index.php?rest_route=\/wp\/v2\/pages"}],"about":[{"href":"https:\/\/artelie.com.br\/index.php?rest_route=\/wp\/v2\/types\/page"}],"author":[{"embeddable":true,"href":"https:\/\/artelie.com.br\/index.php?rest_route=\/wp\/v2\/users\/1"}],"replies":[{"embeddable":true,"href":"https:\/\/artelie.com.br\/index.php?rest_route=%2Fwp%2Fv2%2Fcomments&post=506"}],"version-history":[{"count":5,"href":"https:\/\/artelie.com.br\/index.php?rest_route=\/wp\/v2\/pages\/506\/revisions"}],"predecessor-version":[{"id":732,"href":"https:\/\/artelie.com.br\/index.php?rest_route=\/wp\/v2\/pages\/506\/revisions\/732"}],"wp:attachment":[{"href":"https:\/\/artelie.com.br\/index.php?rest_route=%2Fwp%2Fv2%2Fmedia&parent=506"}],"curies":[{"name":"wp","href":"https:\/\/api.w.org\/{rel}","templated":true}]}}