{"id":502,"date":"2019-01-05T15:24:58","date_gmt":"2019-01-05T17:24:58","guid":{"rendered":"http:\/\/alessandradeazevedo.com.br\/?page_id=502"},"modified":"2019-11-15T23:09:27","modified_gmt":"2019-11-16T02:09:27","slug":"decoracao-de-interiores","status":"publish","type":"page","link":"https:\/\/artelie.com.br\/?page_id=502","title":{"rendered":"Projeto decora\u00e7\u00e3o de interiores"},"content":{"rendered":"\n<p style=\"text-align:center\">Cada vez mais sentimos a necessidade de termos nossos espa\u00e7os otimizados, personalizados, contemplando conforto com maior aproveitamento, agregando valor, baixo custo executivo e pouca manuten\u00e7\u00e3o, dentro da melhor t\u00e9cnica, qualidade, funcionalidade, climatiza\u00e7\u00e3o e harmonia. Conte conosco!<\/p>\n\n\n\n<p><\/p>\n","protected":false},"excerpt":{"rendered":"<p>Cada vez mais sentimos a necessidade de termos nossos espa\u00e7os otimizados, personalizados, contemplando conforto com maior aproveitamento, agregando valor, baixo custo executivo e pouca manuten\u00e7\u00e3o, dentro da melhor t\u00e9cnica, qualidade, funcionalidade, climatiza\u00e7\u00e3o e harmonia. Conte conosco!<\/p>\n","protected":false},"author":1,"featured_media":348,"parent":0,"menu_order":0,"comment_status":"closed","ping_status":"closed","template":"","meta":[],"_links":{"self":[{"href":"https:\/\/artelie.com.br\/index.php?rest_route=\/wp\/v2\/pages\/502"}],"collection":[{"href":"https:\/\/artelie.com.br\/index.php?rest_route=\/wp\/v2\/pages"}],"about":[{"href":"https:\/\/artelie.com.br\/index.php?rest_route=\/wp\/v2\/types\/page"}],"author":[{"embeddable":true,"href":"https:\/\/artelie.com.br\/index.php?rest_route=\/wp\/v2\/users\/1"}],"replies":[{"embeddable":true,"href":"https:\/\/artelie.com.br\/index.php?rest_route=%2Fwp%2Fv2%2Fcomments&post=502"}],"version-history":[{"count":8,"href":"https:\/\/artelie.com.br\/index.php?rest_route=\/wp\/v2\/pages\/502\/revisions"}],"predecessor-version":[{"id":735,"href":"https:\/\/artelie.com.br\/index.php?rest_route=\/wp\/v2\/pages\/502\/revisions\/735"}],"wp:featuredmedia":[{"embeddable":true,"href":"https:\/\/artelie.com.br\/index.php?rest_route=\/wp\/v2\/media\/348"}],"wp:attachment":[{"href":"https:\/\/artelie.com.br\/index.php?rest_route=%2Fwp%2Fv2%2Fmedia&parent=502"}],"curies":[{"name":"wp","href":"https:\/\/api.w.org\/{rel}","templated":true}]}}

Projeto decoração de interiores

<p style="text-align:center">Cada vez mais sentimos a necessidade de termos nossos espaços otimizados, personalizados, contemplando conforto com maior aproveitamento, agregando valor, baixo custo executivo e pouca manutenção, dentro da melhor técnica, qualidade, funcionalidade, climatização e harmonia. Conte conosco!</p>



<p></p>

<p>Cada vez mais sentimos a necessidade de termos nossos espaços otimizados, personalizados, contemplando conforto com maior aproveitamento, agregando valor, baixo custo executivo e pouca manutenção, dentro da melhor técnica, qualidade, funcionalidade, climatização e harmonia. Conte conosco!</p>
