{"id":500,"date":"2019-01-05T15:24:27","date_gmt":"2019-01-05T17:24:27","guid":{"rendered":"http:\/\/alessandradeazevedo.com.br\/?page_id=500"},"modified":"2019-11-15T23:10:39","modified_gmt":"2019-11-16T02:10:39","slug":"paisagismo","status":"publish","type":"page","link":"https:\/\/artelie.com.br\/?page_id=500","title":{"rendered":"Projeto Paisag\u00edstico"},"content":{"rendered":"\n<p style=\"text-align:center\"> Sempre reconhecendo a import\u00e2ncia da natureza ao nosso redor e para o nosso bem. Preservar o meio ambiente, valorizar espa\u00e7os, acolher a natureza, s\u00f3 nos propicia benef\u00edcios. Ambientes, pensados para agregar valor &#8211; tranquilidade, harmonia, microclimas, relaxamento &#8211; tem tido como resultado um efeito muito positivo <\/p>\n\n\n\n<p style=\"text-align:center\">PARA O CORPO E PARA A MENTE <\/p>\n","protected":false},"excerpt":{"rendered":"<p>Sempre reconhecendo a import\u00e2ncia da natureza ao nosso redor e para o nosso bem. Preservar o meio ambiente, valorizar espa\u00e7os, acolher a natureza, s\u00f3 nos propicia benef\u00edcios. Ambientes, pensados para agregar valor &#8211; tranquilidade, harmonia, microclimas, relaxamento &#8211; tem tido como resultado um efeito muito positivo PARA O CORPO E PARA A MENTE<\/p>\n","protected":false},"author":1,"featured_media":137,"parent":0,"menu_order":0,"comment_status":"closed","ping_status":"closed","template":"","meta":[],"_links":{"self":[{"href":"https:\/\/artelie.com.br\/index.php?rest_route=\/wp\/v2\/pages\/500"}],"collection":[{"href":"https:\/\/artelie.com.br\/index.php?rest_route=\/wp\/v2\/pages"}],"about":[{"href":"https:\/\/artelie.com.br\/index.php?rest_route=\/wp\/v2\/types\/page"}],"author":[{"embeddable":true,"href":"https:\/\/artelie.com.br\/index.php?rest_route=\/wp\/v2\/users\/1"}],"replies":[{"embeddable":true,"href":"https:\/\/artelie.com.br\/index.php?rest_route=%2Fwp%2Fv2%2Fcomments&post=500"}],"version-history":[{"count":6,"href":"https:\/\/artelie.com.br\/index.php?rest_route=\/wp\/v2\/pages\/500\/revisions"}],"predecessor-version":[{"id":737,"href":"https:\/\/artelie.com.br\/index.php?rest_route=\/wp\/v2\/pages\/500\/revisions\/737"}],"wp:featuredmedia":[{"embeddable":true,"href":"https:\/\/artelie.com.br\/index.php?rest_route=\/wp\/v2\/media\/137"}],"wp:attachment":[{"href":"https:\/\/artelie.com.br\/index.php?rest_route=%2Fwp%2Fv2%2Fmedia&parent=500"}],"curies":[{"name":"wp","href":"https:\/\/api.w.org\/{rel}","templated":true}]}}